Calculate the remainder when 13658 is divided by 69.
65
What is the remainder when 66 is divided by 9?
3
What is the remainder when 1076 is divided by 45?
41
What is the remainder when 191 is divided by 25?
16
Calculate the remainder when 772 is divided by 158.
140
What is the remainder when 373 is divided by 5?
3
What is the remainder when 3602 is divided by 301?
291
Calculate the remainder when 158 is divided by 55.
48
Calculate the remainder when 73 is divided by 38.
35
What is the remainder when 918 is divided by 20?
18
What is the remainder when 95 is divided by 36?
23
What is the remainder when 242 is divided by 4?
2
Calculate the remainder when 2337 is divided by 1152.
33
What is the remainder when 37 is divided by 4?
1
What is the remainder when 14039 is divided by 120?
119
What is the remainder when 654 is divided by 7?
3
Calculate the remainder when 118 is divided by 5.
3
What is the remainder when 491 is divided by 86?
61
What is the remainder when 26 is divided by 14?
12
Calculate the remainder when 434 is divided by 35.
14
Calculate the remainder when 433 is divided by 5.
3
What is the remainder when 74 is divided by 41?
33
What is the remainder when 113 is divided by 40?
33
What is the remainder when 209 is divided by 80?
49
Calculate the remainder when 558 is divided by 56.
54
Calculate the remainder when 308 is divided by 31.
29
Calculate the remainder when 357 is divided by 5.
2
Calculate the remainder when 442 is divided by 43.
12
Calculate the remainder when 712 is divided by 51.
49
What is the remainder when 151 is divided by 22?
19
What is the remainder when 9307 is divided by 291?
286
What is the remainder when 519 is divided by 116?
55
What is the remainder when 71 is divided by 3?
2
What is the remainder when 1353 is divided by 12?
9
Calculate the remainder when 229 is divided by 63.
40
What is the remainder when 2561 is divided by 95?
91
What is the remainder when 349 is divided by 197?
152
What is the remainder when 1574 is divided by 19?
16
What is the remainder when 277 is divided by 70?
67
What is the remainder when 7712 is divided by 2?
0
Calculate the remainder when 397 is divided by 51.
40
Calculate the remainder when 193 is divided by 90.
13
What is the remainder when 138 is divided by 63?
12
What is the remainder when 97 is divided by 35?
27
What is the remainder when 806 is divided by 129?
32
Calculate the remainder when 120 is divided by 61.
59
Calculate the remainder when 2233 is divided by 1096.
41
Calculate the remainder when 1409 is divided by 173.
25
Calculate the remainder when 10209 is divided by 111.
108
Calculate the remainder when 3702 is divided by 206.
200
Calculate the remainder when 375 is divided by 8.
7
Calculate the remainder when 202 is divided by 41.
38
Calculate the remainder when 1195 is divided by 207.
160
What is the remainder when 676 is divided by 69?
55
What is the remainder when 807 is divided by 202?
201
What is the remainder when 44 is divided by 14?
2
What is the remainder when 53 is divided by 4?
1
What is the remainder when 954 is divided by 97?
81
What is the remainder when 137 is divided by 14?
11
What is the remainder when 335 is divided by 57?
50
What is the remainder when 320 is divided by 72?
32
Calculate the remainder when 523 is divided by 105.
103
What is the remainder when 92 is divided by 9?
2
Calculate the remainder when 516 is divided by 47.
46
What is the remainder when 515 is divided by 78?
47
What is the remainder when 491 is divided by 41?
40
What is the remainder when 1131 is divided by 116?
87
Calculate the remainder when 220 is divided by 23.
13
What is the remainder when 308 is divided by 24?
20
What is the remainder when 134 is divided by 9?
8
Calculate the remainder when 150 is divided by 90.
60
Calculate the remainder when 101 is divided by 38.
25
Calculate the remainder when 2583 is divided by 62.
41
Calculate the remainder when 1117 is divided by 93.
1
Calculate the remainder when 218 is divided by 71.
5
What is the remainder when 214 is divided by 176?
38
What is the remainder when 12715 is divided by 212?
207
What is the remainder when 545 is divided by 78?
77
What is the remainder when 397 is divided by 150?
97
What is the remainder when 63 is divided by 26?
11
What is the remainder when 426 is divided by 94?
50
Calculate the remainder when 483 is divided by 81.
78
Calculate the remainder when 95 is divided by 12.
11
Calculate the remainder when 542 is divided by 64.
30
Calculate the remainder when 1460 is divided by 43.
41
What is the remainder when 434 is divided by 154?
126
What is the remainder when 115 is divided by 15?
10
Calculate the remainder when 28 is divided by 5.
3
Calculate the remainder when 309 is divided by 111.
87
What is the remainder when 118 is divided by 67?
51
Calculate the remainder when 147 is divided by 138.
9
What is the remainder when 444 is divided by 11?
4
What is the remainder when 183 is divided by 23?
22
What is the remainder when 682 is divided by 82?
26
What is the remainder when 8221 is divided by 187?
180
What is the remainder when 594 is divided by 26?
22
What is the remainder when 4098 is divided by 2042?
14
Calculate the remainder when 1449 is divided by 67.
42
Calculate the remainder when 84 is divided by 8.
4
Calculate the remainder when 7997 is divided by 16.
13
Calculate the remainder when 209 is divided by 7.
6
What is the remainder when 147 is divided by 54?
39
Calculate the remainder when 1426 is divided by 110.
106
What is the remainder when 274 is divided by 5?
4
Calculate the remainder when 204 is divided by 19.
14
Calculate the remainder when 149 is divided by 86.
63
What is the remainder when 1446 is divided by 49?
25
What is the remainder when 2989 is divided by 26?
25
What is the remainder when 917 is divided by 305?
2
Calculate the remainder when 1327 is divided by 44.
7
Calculate the remainder when 136 is divided by 12.
4
Calculate the remainder when 28937 is divided by 53.
52
Calculate the remainder when 119 is divided by 26.
15
Calculate the remainder when 253 is divided by 29.
21
Calculate the remainder when 1478 is divided by 490.
8
What is the remainder when 362 is divided by 90?
2
What is the remainder when 225 is divided by 11?
5
What is the remainder when 47 is divided by 25?
22
What is the remainder when 96 is divided by 10?
6
What is the remainder when 4829 is divided by 35?
34
Calculate the remainder when 776 is divided by 378.
20
What is the remainder when 1519 is divided by 8?
7
Calculate the remainder when 91 is divided by 15.
1
What is the remainder when 824 is divided by 171?
140
Calculate the remainder when 126 is divided by 33.
27
Calculate the remainder when 145 is divided by 64.
17
What is the remainder when 514 is divided by 11?
8
Calculate the remainder when 384 is divided by 101.
81
What is the remainder when 270 is divided by 46?
40
Calculate the remainder when 124 is divided by 74.
50
Calculate the remainder when 144 is divided by 41.
21
Calculate the remainder when 572 is divided by 48.
44
Calculate the remainder when 203 is divided by 90.
23
What is the remainder when 108 is divided by 37?
34
Calculate the remainder when 1473 is divided by 33.
21
Calculate the remainder when 62 is divided by 36.
26
What is the remainder when 752 is divided by 14?
10
Calculate the remainder when 46 is divided by 6.
4
Calculate the remainder when 235 is divided by 9.
1
Calculate the remainder when 418 is divided by 54.
40
Calculate the remainder when 304 is divided by 96.
16
Calculate the remainder when 27 is divided by 20.
7
What is the remainder when 1091 is divided by 361?
8
What is the remainder when 635 is divided by 91?
89
What is the remainder when 217 is divided by 37?
32
Calculate the remainder when 389 is divided by 125.
14
What is the remainder when 157 is divided by 23?
19
Calculate the remainder when 1492 is divided by 58.
42
What is the remainder when 2710 is divided by 118?
114
What is the remainder when 2532 is divided by 4?
0
Calculate the remainder when 7973 is divided by 25.
23
Calculate the remainder when 1486 is divided by 6.
4
What is the remainder when 32331 is divided by 118?
117
What is the remainder when 281 is divided by 22?
17
Calculate the remainder wh